{"id":1806,"date":"2024-08-14T13:03:57","date_gmt":"2024-08-14T11:03:57","guid":{"rendered":"https:\/\/malala-kassel.de\/?page_id=1806"},"modified":"2024-08-14T13:03:57","modified_gmt":"2024-08-14T11:03:57","slug":"beschwerde","status":"publish","type":"page","link":"https:\/\/malala-kassel.de\/?page_id=1806","title":{"rendered":"Beschwerde"},"content":{"rendered":"\n<p><strong>Beschwerdemanagement<\/strong><br>Generell haben die M\u00e4dchen* und junge Frauen* bei Beschwerden zu grenz\u00fcberschreitendem Verhalten von Mitarbeiterinnen* folgende M\u00f6glichkeiten: Sie senden eine E-Mail an\u00a0<a href=\"mailto:schutzkonzept@fem-maedchenhaus.de\">schutzkonzept@ maedchenhauskassel.de<\/a>\u00a0oder nehmen anderweitig Kontakt zum Team auf, wenn sie nicht zufrieden sind oder eine konkrete Beschwerde haben. Meldungen werden vertraulich behandelt und auf Wunsch wird \u00fcber den Stand der Dinge informiert.<\/p>\n","protected":false},"excerpt":{"rendered":"<p>BeschwerdemanagementGenerell haben die M\u00e4dchen* und junge Frauen* bei Beschwerden zu grenz\u00fcberschreitendem Verhalten von Mitarbeiterinnen* folgende M\u00f6glichkeiten: Sie senden eine E-Mail an\u00a0schutzkonzept@ maedchenhauskassel.de\u00a0oder nehmen anderweitig Kontakt zum Team auf, wenn sie nicht zufrieden sind oder&#46;&#46;&#46;<\/p>\n","protected":false},"author":3,"featured_media":0,"parent":0,"menu_order":0,"comment_status":"closed","ping_status":"closed","template":"","meta":{"footnotes":""},"class_list":["post-1806","page","type-page","status-publish","hentry"],"_links":{"self":[{"href":"https:\/\/malala-kassel.de\/index.php?rest_route=\/wp\/v2\/pages\/1806","targetHints":{"allow":["GET"]}}],"collection":[{"href":"https:\/\/malala-kassel.de\/index.php?rest_route=\/wp\/v2\/pages"}],"about":[{"href":"https:\/\/malala-kassel.de\/index.php?rest_route=\/wp\/v2\/types\/page"}],"author":[{"embeddable":true,"href":"https:\/\/malala-kassel.de\/index.php?rest_route=\/wp\/v2\/users\/3"}],"replies":[{"embeddable":true,"href":"https:\/\/malala-kassel.de\/index.php?rest_route=%2Fwp%2Fv2%2Fcomments&post=1806"}],"version-history":[{"count":1,"href":"https:\/\/malala-kassel.de\/index.php?rest_route=\/wp\/v2\/pages\/1806\/revisions"}],"predecessor-version":[{"id":1807,"href":"https:\/\/malala-kassel.de\/index.php?rest_route=\/wp\/v2\/pages\/1806\/revisions\/1807"}],"wp:attachment":[{"href":"https:\/\/malala-kassel.de\/index.php?rest_route=%2Fwp%2Fv2%2Fmedia&parent=1806"}],"curies":[{"name":"wp","href":"https:\/\/api.w.org\/{rel}","templated":true}]}}